d 112?
28
Suppose -7*p + 3*p = 220. Let g = p + 22. Let t = -20 - g. Calculate the greatest common factor of t and 52.
13
Let z be (140/11)/4 + (-8)/44. Suppose 0 = c, -3*u - 232 = z*c - 622. Calculate the highest common factor of 10 and u.
10
Suppose z = -5*l, -4*l - 29 = 53*z - 58*z. What is the greatest common divisor of 10 and z?
5
Let g(d) = 15*d. Let w be g(4). Let p be 4/6 + (-39)/(-9). Suppose -2*r = -4*f + 60 + 56, 3*f = -p*r + 100. What is the highest common factor of f and w?
30
Suppose 4*n = 2 - 58. Let z = n - -22. Calculate the greatest common factor of 64 and z.
8
Let m(f) = -f + 8. Let q be m(4). Let i(d) = 4*d - 2*d**3 + 3 + 5*d**3 - 2*d**3 - 6*d**2 + 1. Let p be i(6). What is the greatest common divisor of p and q?
4
Suppose 0 = p + b + 8 - 29, -p + 23 = -b. Let u be (27 - p)*6/10. Let l(o) = -3*o + 3. Let a be l(-7). What is the highest common divisor of a and u?
3
Suppose -89 = 2*g - 419. Suppose 7 = -4*l + 15. Suppose 0 = l*c - 2*k - 26, 2*k + 3 = c - 8. What is the greatest common factor of c and g?
15
Let h = 386 + 189. What is the greatest common factor of 25 and h?
25
Let r be ((-26080)/600 - (-4)/30)/(2/(-3)). Let k be (2 + 0)/(1/6). Let y = k - -14. What is the highest common divisor of y and r?
13
Suppose s - 69 = 4*h + h, -5*s = -4*h - 303. Calculate the greatest common divisor of 59 and s.
59
Let y = -336 - -784. What is the highest common factor of y and 80?
16
Let w(l) = l**3 - 2*l**2 - 24*l + 24. Let p be w(6). Let s be (-39)/(-2)*2 - -1. Calculate the greatest common divisor of s and p.
8
Suppose q - 3*d - 41 = -q, -4*d = -4*q + 76. Let w(u) = -u**3 + 7*u**2 + 4*u. Let s be w(4). What is the highest common divisor of q and s?
16
Let b = 1427 - 1195. What is the highest common divisor of 145 and b?
29
Let y be -1 + 2/(2/181). Let o = -22 + 29. Let s be y/42*o*2. What is the greatest common factor of s and 12?
12
Let v be (-40)/6*((-3928)/20 - -2). What is the greatest common divisor of 108 and v?
108
Let p be -81 - 1 - (-1 + -1)/1. Let t be p/(-3 - -1) - 0. What is the greatest common divisor of 10 and t?
10
Let l(y) = -y**3 - 5*y**2 + 4*y - 5. Let g be l(-6). Let a be (g/(-21))/((-3)/153). What is the greatest common factor of a and 119?
17
Suppose -b + 46 = 3*y - 611, -3*y + 5*b = -639. Let s = -119 + y. What is the highest common factor of 11 and s?
11
Let v = 50 - 50. Suppose v = a - 25 + 11. What is the greatest common divisor of a and 21?
7
Let q(g) = g**3 - 8*g**2 - 3*g + 50. Let i be q(8). Calculate the highest common factor of i and 494.
26
Let n be (-28)/(-8)*13100/175. Calculate the highest common divisor of n and 2.
2
Suppose -6225 = -20*r + 2775. What is the greatest common divisor of 180 and r?
90
Suppose 0 = -18*l + 26*l - 704. What is the greatest common factor of l and 33?
11
Let d be 8/(-24) + 1302/18. Calculate the greatest common divisor of 324 and d.
36
Let m be 8 + (-2 + 0 - 0). Suppose 2*x + 8 = m*x. Let z be 1/(3/27) - x. What is the highest common factor of 49 and z?
7
Suppose -o - 4*r = -30, -53*o + 55*o - 5*r = 21. Calculate the greatest common divisor of 2 and o.
2
Suppose -2*x + 2*n - 7 = -47, -3*x = -2*n - 61. Calculate the highest common divisor of 42 and x.
21
Suppose 0 = 3*j + 296 - 1217. Suppose 2*w = 3*w - j. Suppose -3*v + w = v - a, 4*v - 5*a - 287 = 0. What is the highest common divisor of 13 and v?
13
Suppose 92 = z - 0*z. Let o = 1486 - 1463. What is the greatest common factor of z and o?
23
Suppose 0 = -4*x, -x = 2*r + x - 88. Let u = -37 + r. Calculate the highest common factor of u and 7.
7
Suppose 18*x - 344 - 70 = 0. Let o = 3 - -1. Suppose -b + 115 = o*b. Calculate the highest common divisor of b and x.
23
Let f(t) = 30*t + 271. Let d be f(-9). What is the greatest common factor of 5 and d?
1
Let q(b) = b**3 + 5. Let i be q(4). Let t(a) = -a + 94. Let v be t(48). What is the greatest common factor of i and v?
23
Let n(f) = -f**3 + 66*f**2 + 145*f - 603. Let z be n(68). Let l be (18/7)/((-2)/(-14)). Calculate the highest common divisor of l and z.
9
Let o = -21 - -43. Suppose 3*b - 170 = g, 4*b = -0*b - 5*g + 195. Let c be b*((6 - 2) + -3). Calculate the greatest common divisor of o and c.
11
Let v(l) = l**3 - 23*l**2 + 22*l + 30. Let p be v(22). What is the greatest common divisor of p and 1470?
30
Suppose 0 = -6*m + 11*m - 15. Suppose -5*t + 7 = 7*o - m*o, o - 18 = 2*t. Calculate the highest common factor of 24 and o.
8
Let v be 5/30 - 34/(-12). Calculate the greatest common divisor of v and 27.
3
Let p be (-48)/56 - 250/(-14). Calculate the highest common factor of p and 697.
17
Let f be (-62)/93*(-110 + 1 + -2). Calculate the highest common divisor of f and 518.
74
Let r = -29 + 53. Suppose -3*j = 2*h - 800, j = -h + 156 + 112. What is the highest common factor of r and j?
24
Let q(c) = 60*c**2 + 42*c - 90. Let z be q(2). What is the greatest common divisor of z and 144?
18
Suppose 0 = -5*i + 4*l + 124, -4*i + 50 = 2*l + 3*l. Let d = -4 - -12. What is the greatest common divisor of i and d?
4
Suppose -2*d = d + 4*i - 50, 3*d - 2*i = 56. Suppose 252 = 5*m - 18. Calculate the greatest common divisor of m and d.
18
Suppose 0 = 21*u - 349 - 554. Calculate the highest common factor of 387 and u.
43
Suppose -11*u - 4*n = -16*u + 1536, 1 = n. Calculate the greatest common divisor of 84 and u.
28
Suppose 12*j = 2*j + 170. Let v(n) = -n**2 + 23*n - 12. Let u be v(j). What is the highest common factor of 30 and u?
30
Let t(o) = 2*o + 49. Let a be t(-23). Let z be a + (234/14 - 8/(-28)). Calculate the greatest common divisor of z and 50.
10
Let m be -2*3/(-6)*2. Suppose -m*k - 3*k + 735 = 0. What is the highest common factor of 21 and k?
21
Let h(u) = u**3 + 21*u**2 - 21*u + 45. Let j be 4 + 2 + ((-12)/3 - 24). Let t be h(j). Calculate the greatest common factor of t and 253.
23
Let k be (9 + -12)/9*-432. What is the greatest common divisor of k and 81?
9
Let y be 5*(-8)/(-20) - (-79 - 1). Calculate the highest common divisor of 2 and y.
2
Let z = 1341 - 967. What is the greatest common factor of z and 22?
22
Let s be (-154)/(-13) + 8/52. Let a(r) = -r**3 + 11*r**2 + 13*r - 2. Let q be a(s). Let j be (-6)/10 + 36/q. Calculate the greatest common factor of 3 and j.
3
Let o(w) = 2*w**2 + 23*w + 29. Let r be o(-14). Calculate the highest common divisor of r and 9.
9
Let y(h) = h**3 + 31*h**2 - 2*h - 8. Let k be y(-31). Calculate the greatest common divisor of k and 36.
18
Let w be (-2)/(-14)*-2*-7. Let m be (9 - 1)/(-7 + 9). Suppose -3*z + m*a = -14, -3 - 1 = 2*a. What is the highest common factor of w and z?
2
Suppose -24*r + 688 = -21*r + 2*s, 3*r + s = 692. Calculate the greatest common divisor of 8 and r.
8
Let v be (3 + 0)*32/6. Let q = v + -8. Let o be q/(-20) + 37/5. Calculate the greatest common factor of o and 14.
7
Let r = 44 + -39. Let l(b) = -2*b + 20. Let k be l(r). Calculate the greatest common divisor of k and 80.
10
Let i(z) = -5*z - 67. Let r be i(-15). Let p(j) = 4*j**3 - j**2 - 3*j - 2. Let f = 7 - 4. Let y be p(f). Calculate the greatest common divisor of y and r.
8
Let p = -4227 - -9551. Calculate the highest common factor of 22 and p.
22
Let f be (2 - 1) + 6/(-6). Suppose f = -2*q + 6*q - 1076. Suppose -2*n - 233 = -5*t + 423, 2*t - q = 3*n. What is the highest common divisor of t and 26?
26
Let v(z) be the second derivative of z**4/12 - 3*z**3/2 - 6*z**2 - 15*z. Let j be v(13). What is the highest common divisor of j and 8?
8
Suppose 12*p - 23 = 25. Let c be 164/10 - (4/10 + 0). What is the highest common factor of p and c?
4
Suppose 0 = -6*c + 53 + 343. Calculate the highest common factor of 594 and c.
66
Let j(z) = 25*z**3 + 152*z**2 + 5*z - 14. Let a be j(-6). Suppose 0 = -0*i + 5*i - 35. What is the greatest common factor of i and a?
7
Suppose 346 = 4*b - 2*x, b - 3*x - 130 = -51. Calculate the greatest common divisor of 8 and b.
8
Suppose 4*d = -2*x + 188, -2*x + 3*d + 240 - 80 = 0. What is the highest common factor of x and 2?
2
Let p be (-2)/(-5) + (-576)/40. Let o = 18 - p. Calculate the highest common divisor of 96 and o.
32
Suppose -101 = -5*m + 2*a, 65*m - 61*m - 4*a = 76. Calculate the highest common factor of m and 49.
7
Let m be (-3 + 2)/1 + 25. Let k be (-1)/6 - (-52)/m. Suppose -k*z + z = -56. Calculate the highest common divisor of 